 factors of 12042.
2, 3, 223
What are the prime factors of 2609?
2609
What are the prime factors of 53404?
2, 13, 79
List the prime factors of 65533.
13, 71
List the prime factors of 118259.
118259
What are the prime factors of 4654?
2, 13, 179
List the prime factors of 15848.
2, 7, 283
What are the prime factors of 91045?
5, 131, 139
What are the prime factors of 5968?
2, 373
What are the prime factors of 413?
7, 59
What are the prime factors of 15833?
71, 223
What are the prime factors of 114542?
2, 57271
What are the prime factors of 939?
3, 313
What are the prime factors of 7871?
17, 463
List the prime factors of 4115.
5, 823
What are the prime factors of 133301?
7, 137, 139
List the prime factors of 2517.
3, 839
What are the prime factors of 5607?
3, 7, 89
What are the prime factors of 9421?
9421
What are the prime factors of 588?
2, 3, 7
What are the prime factors of 677?
677
What are the prime factors of 584?
2, 73
List the prime factors of 10114.
2, 13, 389
List the prime factors of 4988.
2, 29, 43
List the prime factors of 1002.
2, 3, 167
List the prime factors of 700.
2, 5, 7
List the prime factors of 67259.
103, 653
List the prime factors of 2536.
2, 317
List the prime factors of 3356.
2, 839
What are the prime factors of 3646?
2, 1823
List the prime factors of 17009.
73, 233
What are the prime factors of 2716?
2, 7, 97
What are the prime factors of 6243?
3, 2081
List the prime factors of 4241.
4241
What are the prime factors of 25320?
2, 3, 5, 211
List the prime factors of 808.
2, 101
List the prime factors of 9850.
2, 5, 197
What are the prime factors of 91251?
3, 10139
What are the prime factors of 12555?
3, 5, 31
What are the prime factors of 74490?
2, 3, 5, 13, 191
What are the prime factors of 21229?
13, 23, 71
What are the prime factors of 7793?
7793
What are the prime factors of 19317?
3, 47, 137
List the prime factors of 111842.
2, 55921
What are the prime factors of 5011?
5011
What are the prime factors of 400?
2, 5
List the prime factors of 3031.
7, 433
List the prime factors of 4966.
2, 13, 191
What are the prime factors of 17368?
2, 13, 167
List the prime factors of 9161.
9161
List the prime factors of 227.
227
What are the prime factors of 3449?
3449
What are the prime factors of 677?
677
What are the prime factors of 47765?
5, 41, 233
List the prime factors of 119296.
2, 233
List the prime factors of 2590.
2, 5, 7, 37
What are the prime factors of 56474?
2, 11, 17, 151
What are the prime factors of 2507?
23, 109
List the prime factors of 43569.
3, 47, 103
What are the prime factors of 33155?
5, 19, 349
List the prime factors of 823.
823
What are the prime factors of 1873?
1873
What are the prime factors of 32070?
2, 3, 5, 1069
List the prime factors of 11964.
2, 3, 997
What are the prime factors of 62955?
3, 5, 1399
What are the prime factors of 394?
2, 197
List the prime factors of 634.
2, 317
List the prime factors of 1101.
3, 367
List the prime factors of 164950.
2, 5, 3299
What are the prime factors of 25796?
2, 6449
What are the prime factors of 741?
3, 13, 19
List the prime factors of 16699.
16699
List the prime factors of 1879.
1879
What are the prime factors of 950?
2, 5, 19
What are the prime factors of 8439?
3, 29, 97
What are the prime factors of 293?
293
List the prime factors of 12854.
2, 6427
What are the prime factors of 25483?
17, 1499
List the prime factors of 31054.
2, 15527
List the prime factors of 663.
3, 13, 17
What are the prime factors of 2599?
23, 113
List the prime factors of 22648.
2, 19, 149
List the prime factors of 2782.
2, 13, 107
What are the prime factors of 1636?
2, 409
What are the prime factors of 84090?
2, 3, 5, 2803
What are the prime factors of 8512?
2, 7, 19
What are the prime factors of 5258?
2, 11, 239
What are the prime factors of 2441?
2441
List the prime factors of 9782.
2, 67, 73
List the prime factors of 605.
5, 11
What are the prime factors of 603?
3, 67
What are the prime factors of 715?
5, 11, 13
List the prime factors of 27459.
3, 113
List the prime factors of 3181.
3181
List the prime factors of 7210.
2, 5, 7, 103
What are the prime factors of 15730?
2, 5, 11, 13
List the prime factors of 4740.
2, 3, 5, 79
What are the prime factors of 45031?
7, 919
What are the prime factors of 10955?
5, 7, 313
List the prime factors of 11432.
2, 1429
What are the prime factors of 23419?
11, 2129
What are the prime factors of 7239?
3, 19, 127
What are the prime factors of 36338?
2, 18169
What are the prime factors of 3942?
2, 3, 73
List the prime factors of 15312.
2, 3, 11, 29
What are the prime factors of 1988?
2, 7, 71
List the prime factors of 6400.
2, 5
List the prime factors of 30442.
2, 31, 491
What are the prime factors of 6581?
6581
List the prime factors of 5504.
2, 43
List the prime factors of 7615.
5, 1523
What are the prime factors of 26?
2, 13
What are the prime factors of 4670?
2, 5, 467
What are the prime factors of 1640?
2, 5, 41
List the prime factors of 11968.
2, 11, 17
List the prime factors of 153.
3, 17
List the prime factors of 8002.
2, 4001
What are the prime factors of 305?
5, 61
List the prime factors of 1068.
2, 3, 89
List the prime factors of 1518.
2, 3, 11, 23
List the prime factors of 1579.
1579
List the prime factors of 24841.
24841
What are the prime factors of 92340?
2, 3, 5, 19
List the prime factors of 51071.
51071
What are the prime factors of 13302?
2, 3, 739
List the prime factors of 10564.
2, 19, 139
List the prime factors of 90459.
3, 19, 23
List the prime factors of 26307.
3, 37, 79
List the prime factors of 939.
3, 313
List the prime factors of 94371.
3, 83, 379
What are the prime factors of 30597?
3, 7, 31, 47
List the prime factors of 1325.
5, 53
List the prime factors of 1425.
3, 5, 19
What are the prime factors of 420?
2, 3, 5, 7
List the prime factors of 90576.
2, 3, 17, 37
List the prime factors of 1888.
2, 59
What are the prime factors of 43030?
2, 5, 13, 331
What are the prime factors of 3062?
2, 1531
List the prime factors of 1224.
2, 3, 17
What are the prime factors of 8349?
3, 11, 23
List the prime factors of 5246.
2, 43, 61
What are the prime factors of 45718?
2, 22859
What are the prime factors of 25110?
2, 3, 5, 31
List the prime factors of 4537.
13, 349
What are the prime factors of 7450?
2, 5, 149
List the prime factors of 1718.
2, 859
What are the prime factors of 30227?
167, 181
What are the prime factors of 120?
2, 3, 5
List the prime factors of 2127.
3, 709
What are the prime factors of 71997?
3, 103, 233
List the prime factors of 59053.
59053
What are the prime factors of 2038?
2, 1019
What are the prime factors of 4089?
3, 29, 47
List the prime factors of 1367.
1367
List the prime factors of 4026.
2, 3, 11, 61
List the prime factors of 2784.
2, 3, 29
What are the prime factors of 446?
2, 223
What are the prime factors of 1068?
2, 3, 89
List the prime factors of 89391.
3, 83, 359
What are the prime factors of 2941?
17, 173
List the prime factors of 1852.
2, 463
List the prime factors of 33416.
2, 4177
What are the prime factors of 7078?
2, 3539
What are the prime factors of 8984?
2, 1123
What are the prime factors of 16138?
2, 8069
List the prime factors of 95741.
19, 5039
List the prime factors of 64864.
2, 2027
List the prime factors of 4606.
2, 7, 47
List the prime factors of 474.
2, 3, 79
List the prime factors of 37710.
2, 3, 5, 419
What are the prime factors of 9362?
2, 31, 151
List the prime factors of 1705.
5, 11, 31
List the prime factors of 524.
2, 131
What are the prime factors of 3384?
2, 3, 47
List the prime factors of 39618.
2, 3, 31, 71
List the prime factors of 14308.
2, 7, 73
List the prime factors of 61430.
2, 5, 6143
What are the prime factors of 20470?
2, 5, 23, 89
What are the prime factors of 80020?
2, 5, 4001
List the prime factors of 5044.
2, 13, 97
What are the prime factors of 10064?
2, 17, 37
What are the prime factors of 94006?
2, 11, 4273
List the prime factors of 612.
2, 3, 17
What are the prime factors of 3116?
2, 19, 41
What are the prime factors of 24509?
24509
What are the prime factors of 64006?
2, 32003
List the prime factors of 10404.
2, 3, 17
What are the prime factors of 3567?
3, 29, 41
List the prime factors of 1985.
5, 397
What are the prime factors of 50798?
2, 11, 2309
List 